. What are the prime factors of i?
3, 31
Suppose -28 = -5*w - 0*w - 2*z, 0 = -3*w - 2*z + 20. Suppose 5*m + 20 = 0, -w*m = 4*i - 2*i - 32. List the prime factors of i.
2, 3
Suppose 2*v + 1 = 5. Suppose -4*w = -2*y - 54, 0*w = 2*w + 4*y - v. Suppose 0 = 2*s - 35 + w. What are the prime factors of s?
2, 3
Let o(r) = r + 3. Suppose -5*p + 6 = -74. Suppose -n = -b - 1, -6*b + p = 2*n - b. List the prime factors of o(n).
2, 3
Let i(x) = -x - 3. Let f be i(-2). Let k(c) be the first derivative of -3*c**4/2 - c**2/2 - c + 3. What are the prime factors of k(f)?
2, 3
Let t be (9/(-4))/(12/(-32)). Suppose x + 28 = c, 3*c - 2*x + 69 = t*c. What are the prime factors of c?
5
Let o be (-5)/(1/(-1 + 2)). Let z = 3 - o. What are the prime factors of z?
2
Let s(k) = -k**2 - 4*k - 1. Let a be s(-3). Let c = 13 + -9. Suppose -3*b - 5*h = 0, -c*b + h + 25 = a. List the prime factors of b.
5
Let c = 7 - 4. Let m be (17*-1)/(-4 + c). Suppose m = 4*a - 7. List the prime factors of a.
2, 3
Let m(g) = -g**3 - 5*g**2 + 3*g - 7. Let f be m(-6). Let q = -5 + f. List the prime factors of q.
2, 3
Let f be 14/35 + 326/10. What are the prime factors of (-3 - -3 - f)*-1?
3, 11
Suppose 5*x + 636 = 4*h + x, 3*x = 0. Suppose q = 3*q - 4*y - 86, -4*y = 5*q - h. List the prime factors of q.
5, 7
Let y = -12 - -23. List the prime factors of y.
11
Let u(k) = -k**2 - 9*k - 4. Let i be u(-8). Let v = -2 + i. What are the prime factors of ((-27)/6 + v)*-2?
5
Suppose 0 = 4*a - 4*r - 24, 3*a + r - 6*r = 26. What are the prime factors of (a/4)/((-3)/(-96))?
2
Let p be (-21)/(-2)*(-1 + -3). Suppose 7*z - 14 = -0. What are the prime factors of (z - 1)/((-3)/p)?
2, 7
Let f(g) = -g + 5. Let l be f(6). Let n be 0 + (l - 0) + -1. List the prime factors of (0 + -1)/1*n.
2
Let n(o) = o**2 + 3*o - 1. Let t be n(-2). Let v = t - -5. What are the prime factors of v/5 - (-56)/10?
2, 3
Let t be 3/(-4)*(-11 + 3). Suppose 0 = t*j - 2*j. Suppose j = -3*k - k + 76. What are the prime factors of k?
19
Suppose 0*f + 5*f - 25 = 0. What are the prime factors of f?
5
Suppose u + 2*u = 36. List the prime factors of u.
2, 3
Suppose 2*g + 23 = 5*n + 4*g, 3*g = 5*n - 28. Suppose -171 = -n*a - 36. List the prime factors of a.
3
Let m(s) = 2*s - 10. Let u be m(6). Suppose -4*g + 90 + 104 = -u*i, -2*i = 5*g - 247. What are the prime factors of g?
7
Suppose 0 = 2*k + 18 - 14. Let b(w) be the first derivative of -w**4/4 + 2*w**3/3 + w**2 - w + 1. List the prime factors of b(k).
11
Let w = 0 - -3. Suppose -4*y - 7 = -5*i, y + 4*y + w*i = 19. Suppose -y*x + 2 = -x. What are the prime factors of x?
2
Let g = 62 + -32. What are the prime factors of g?
2, 3, 5
Suppose -12 = 2*p - 0. Let j(b) = b**2 + 4*b + 9. List the prime factors of j(p).
3, 7
Suppose 0*y = y - 2*s - 16, 81 = 3*y + 5*s. What are the prime factors of y?
2, 11
Let t = 20 + -17. Suppose h = -t*h + 112. List the prime factors of h.
2, 7
Let x(z) = -10*z**3 + 2*z**2 - 3*z + 1 + 12*z**3 + z. What are the prime factors of x(1)?
3
Let w be -3 + 9/((-27)/(-240)). Suppose -c = -z - 0*z + 29, -c - w = -3*z. What are the prime factors of z?
2, 3
Let q = 4 - 1. Suppose -5*l + 2*p = -q*p - 40, 3*p + 6 = 0. List the prime factors of (-63)/l*(-6)/9.
7
Let n = 16 - 5. List the prime factors of n.
11
Let b = -6 - -10. Suppose 2*m + 14 = -4*a + b*m, -3*m - 39 = 4*a. Let f = 11 + a. List the prime factors of f.
5
Let l be (-1 + 2)*-1*-5. Suppose -d + 20 = -3*s, 0*d = 3*d - l*s - 48. List the prime factors of d.
11
Suppose 20*o - 22*o = -146. List the prime factors of o.
73
Suppose h = 34 - 11. Let o = 38 + h. Suppose 0 = -5*q + s + o, 15 + 17 = 3*q + 4*s. List the prime factors of q.
2, 3
Let j(d) = 8*d + d**2 - 1 + 0 - 5. Let r be j(-9). What are the prime factors of (-2)/4*(r + -7)?
2
Let h = -33 + 54. Suppose h = 4*a - a. Suppose -a - 3 = -5*r. What are the prime factors of r?
2
Suppose -v = 5*t - 0*v - 172, 5*v = 2*t - 58. Let y = t + -24. What are the prime factors of y?
2, 5
Suppose 5*t - 747 = -207. What are the prime factors of t?
2, 3
Suppose 2*o = 3*i + 145, 0*i = -4*o + 2*i + 294. List the prime factors of o.
2, 37
Let o(i) = 4*i**2 - 8*i + 10. List the prime factors of o(-7).
2, 131
Let x(c) = c**3 - c**2 - 4*c + 9. List the prime factors of x(4).
41
Let k(x) = -x**3 - 7*x**2 - 12*x + 13. List the prime factors of k(-8).
173
Suppose 0 = -0*r + 2*r. Suppose r = -2*f - 2*f + 36. List the prime factors of f.
3
Let y(m) be the second derivative of m**3/6 + m**2/2 + 5*m. List the prime factors of y(7).
2
Suppose -6 - 4 = -5*u. Suppose 1 = -u*a + 11, 4*i = -5*a + 73. List the prime factors of i.
2, 3
Suppose -3*u - 16 = -5*y, 2*y = u - 2*u + 13. Suppose f - 18 = u*f. What are the prime factors of f/(-2) - 4/(-8)?
5
Suppose -3*k + 12 = -27. Suppose 0 = 2*h - 11 - k. What are the prime factors of h?
2, 3
Suppose 0 = -7*k + 422 + 229. What are the prime factors of k?
3, 31
Let g be (-3)/(-12) + (-1)/4. Let u = 7 - g. Let a = u + 3. What are the prime factors of a?
2, 5
Let s(n) be the third derivative of -n**5/60 - n**4/4 - 2*n**3/3 + 3*n**2. Let m be s(-5). What are the prime factors of 1/((-1)/(-6)*m)?
2, 3
Suppose -2*p - 25 + 0 = -3*v, 2*p = -5*v + 31. Suppose -2*f - 19 = -5*h - 3*f, 3*h - 4*f + v = 0. List the prime factors of h.
3
Suppose 3*o - 96 = -0*o. Let f(r) = -r**3 + 5*r**2 - 3*r - 2. Let j be f(4). Suppose -3*w + 15 = -0*w, -2*z - j*w + o = 0. List the prime factors of z.
11
Let k(y) = 2*y. Let r be k(5). Let p = 11 + r. List the prime factors of p.
3, 7
Let x = -3 + 5. Let w = x + 10. Let j = -8 + w. What are the prime factors of j?
2
Suppose -2*j + 5*d + 34 = 0, 1 - 39 = -2*j + 4*d. What are the prime factors of j?
3
Let v be 1/(-1)*(0 - 16). Suppose -s + 0*r + v = -r, -r + 44 = 4*s. List the prime factors of s.
2, 3
Let p be (5 - 2)*5/5. Let q = 10 - p. List the prime factors of q.
7
Suppose -6*u + 9 + 45 = 0. List the prime factors of u.
3
Let u = 4 + -4. List the prime factors of u/(-1) - -2 - 0.
2
Let t be 6*1 - (5 + -4). Suppose t*k = -3*m - 24, -2 = 2*k + 3*m + 2*m. What are the prime factors of (-4)/(-3)*k/(-4)?
2
Let i(u) = u - 1. Let w be (-3 - -4)*(-14)/(-1). Let a be 1/2*(-2 + w). List the prime factors of i(a).
5
Let w = 9 - 9. Let h(i) = -i**3 + 4. List the prime factors of h(w).
2
Suppose -2*w = 5 - 3. Let u(r) = 19*r**2 - r - 1. What are the prime factors of u(w)?
19
What are the prime factors of (5 + (-4)/2)*(14 + -5)?
3
Let q(z) = z**3 + z**2 + 2*z - 3. Let i be q(4). Let t = 143 - i. List the prime factors of t.
2, 29
Let x(u) = 2*u**2 - 3*u**2 + 3*u**2. Let f be x(-3). List the prime factors of (4 + -2)*f/4.
3
Suppose n = 4*u + 36, -4*u + 3*n - 2 = 26. Let p be (-14)/u - 8/20. Let i = p + 3. What are the prime factors of i?
2
Let r be (2/6)/((-3)/(-90)). Let a = 19 - 37. List the prime factors of r*7/((-105)/a).
2, 3
Let n(p) = p**2 - p - 2. Let y be n(3). Suppose -5*q - u - y*u + 15 = 0, u = -4*q + 9. What are the prime factors of q?
2
Let y(t) = -t + 0 + 0 + 1 + 0*t. Let r be y(-2). Suppose 2*o + 3*p = -o + 9, r*o + p = 11. List the prime factors of o.
2
Suppose -3*f - f + 36 = 0. Let p = f + -6. Suppose -q + 0*q = -2*l + 20, 0 = -4*l + p*q + 40. List the prime factors of l.
2, 5
Let t = 15 + -12. Suppose 0 = -4*j - 8, j + 91 = 5*k + t*j. List the prime factors of k.
19
Let u be 42/(-9)*3/(-1). Let y = u - -1. List the prime factors of y.
3, 5
Let w = 5 + 41. What are the prime factors of w?
2, 23
Let t = 31 - 3. Suppose 0 = -r + 3 - t. Let p = -14 - r. What are the prime factors of p?
11
Suppose 0 = 2*w - 3*x - 70 + 20, 0 = -4*x - 8. Suppose 2*z - w - 6 = 5*m, 4*z = 2*m + 24. List the prime factors of (-6)/z*2 + 7.
2
Let l = 7 + -6. Suppose 2*b + 4*n = -10, 3*b + 2*n = -0*b + l. List the prime factors of b.
3
Let j(k) be the third derivative of -k**4/24 + k**3/3 - k**2. Let q be 2 - ((-18)/(-2) - 2). What are the prime factors of j(q)?
7
Let m(p) = -2*p + 8. List the prime factors of m(0).
2
Suppose 22*f - 240 = 18*f. List the prime factors of f.
2, 3, 5
Let v(k) = -4*k - 2 + k - k. Let q be v(-5). Suppose 14 = 4*i - q. What are the prime factors of i?
2
Let y(d) = -d**3 - 6*d**2 - 8*d - 17. List the prime factors of y(-8).
5, 7
Let j(d) = -d**3 + 10*d**2 + 3*d + 7. What are the prime factors of j(5)?
3, 7
Let r = 337 + -174. Wha